 + 20. What is the units digit of s?
8
Let j = -10 - -84. What is the tens digit of j?
7
Suppose 6*w - 47 = 157. What is the tens digit of 3*w*(-2)/(-4)?
5
Let b(d) = -d**2 + 7*d + 8. Let z be b(8). Suppose s + 6 = -3*h, z*s = s - 3*h - 24. Suppose 4*t = 7*t - s. What is the units digit of t?
3
Let r(x) = -31*x**3 - 6*x**2 - 2*x. What is the tens digit of r(-2)?
2
Suppose 4*b - 2*q - 74 = 0, 0*b + b - 1 = 4*q. Suppose -8 = -3*w - 4*r, -5*r - b = -0*w - 4*w. What is the units digit of w?
4
Suppose -5*c = -4*z - 46, 0 = -2*c - 5*z + 3*z + 4. Suppose 0 = -5*g - 4*n + 6 + 9, 2*g - 6 = n. Let f = g + c. What is the units digit of f?
9
Suppose 2*f + 7 = -3*m, m + 19 = f - 2*m. Let z = 0 + f. Let s(g) = g**3 - 3*g**2 - 4*g + 2. What is the units digit of s(z)?
2
Suppose -5*c + 3*u + 4 = 4*u, -c + 3*u = 12. Let k(n) = -n**3 + 8. Let h be k(c). Let v(t) = -t**2 + 9*t. What is the units digit of v(h)?
8
Let t = 661 + -367. What is the hundreds digit of t?
2
Let v(w) = -w**2 - 17*w - 17. What is the units digit of v(-10)?
3
What is the tens digit of (46 + -4 + 0)/1?
4
Let i(t) = 6 + 1 + 0 - 6*t**2 + t**3 - 5*t + 3*t. What is the tens digit of i(7)?
4
Let z = 2 - -3. Suppose z*o - 3 = 87. What is the tens digit of o?
1
Suppose -22 = 5*z - 7. Let d(i) = -i**3 - 5*i**2 - 3*i + 3. Let j be d(z). Let q = 11 + j. What is the units digit of q?
5
Let a = -10 - -14. Let g = 7 - 3. Suppose g - 28 = -a*b. What is the units digit of b?
6
Suppose 2*f = 6*f - 8. Let t be 3 - ((-1 - f) + 3). Suppose -24 = -t*d + d. What is the tens digit of d?
1
Suppose 2*q - 3 = 17. What is the units digit of q?
0
Let w(z) = 3*z**3 + z - 2. Let r(p) = -10*p**3 - 4*p + 6. Let b(x) = 2*r(x) + 7*w(x). What is the units digit of b(2)?
4
Let i = -57 - -94. What is the tens digit of i?
3
Suppose 0 = -5*l + 193 + 227. What is the units digit of l?
4
Let f be (-1 - -1) + 57 + -1. Suppose -4*y + 3*r + 111 = 38, 3*y - f = r. What is the tens digit of y?
1
Let p = 7 + 2. Let s = p - 14. Let c = 3 - s. What is the units digit of c?
8
What is the tens digit of (-117)/1*(7 - 10 - -2)?
1
Let i(r) = -r + 10. Let g = 0 + -7. What is the tens digit of i(g)?
1
Suppose 281 + 114 = 5*q. Suppose 4*d = -27 + q. Let z = d + 1. What is the units digit of z?
4
Let o(v) = 6*v**3 - 4*v + 12. Let l(k) = k**3 + k**2 + k + 1. Let c(y) = 5*l(y) - o(y). What is the tens digit of c(6)?
1
Let v(a) = -a**2 + 9*a + 2. Let q(x) = -2*x + 2. Let t be q(-2). What is the tens digit of v(t)?
2
Let x(v) = v**3 + 6*v**2 - 9*v - 15. What is the tens digit of x(-6)?
3
Suppose -2*w = 4*r - 44, 3*w + 5*r = 4*r + 41. Suppose 0 = -o + 5*i + 37, 2*o - 2 = -2*i + w. What is the units digit of o?
2
Let o = -3 - -7. Suppose -z - 39 = -2*d - 2*d, 12 = -o*z. What is the units digit of d?
9
Let j(z) = 10*z - 2. Let q be j(5). Let o be (1 + (-16)/12)*-9. Suppose -o*p + 3*x + 36 = 0, -4*p + 0*p - 5*x = -q. What is the units digit of p?
2
What is the units digit of (1 - 265/(-1))/(2/1)?
3
Let l(n) = -n - 4. Let w be (1/2)/(3/(-186)). Let y = w - -22. What is the units digit of l(y)?
5
What is the units digit of (336/(-14))/(1/12*-1)?
8
Let h = 3 - 7. Let m be (-8)/(-28) - 66/(-14). Let x = h + m. What is the units digit of x?
1
Suppose 0 = -2*w + 8, -2*w - 1 + 81 = -3*p. Let s be p/(-9) - 2/(-6). Suppose r + s*r - 16 = 0. What is the units digit of r?
4
Suppose 5*a = 4*a - 2. Let m be ((-27)/(-3))/(1/a). Let r = -10 - m. What is the units digit of r?
8
Suppose -g - 5*n - 19 = 0, 7 + 1 = -2*n. Suppose -g = o - 4. What is the units digit of o?
3
Let o be -1 + (0/(-1))/3. Let d be -2 + o + 3 - 0. Let h = d + 2. What is the units digit of h?
2
Let w(c) = 18*c - 9. What is the hundreds digit of w(8)?
1
Suppose 4*z - 12 = 4*c, -z - 12 = 4*c + 4*z. What is the units digit of c + (10 - (-3)/(-1))?
4
Let i(r) = r + 17. Suppose 0 = 4*u + 4*x - 80, -3*x - 30 = -2*u - 0*x. Let q = 9 - u. What is the units digit of i(q)?
8
Let c be ((-18)/(-3))/(-3) + 1. What is the units digit of -2 + c/((-1)/4)?
2
Suppose w = -3*w + b + 423, -313 = -3*w + 5*b. Suppose 4*f - 2*n = -n + 212, 2*f + n = w. What is the units digit of f?
3
Let y = -42 - -88. Suppose -2*w + 3*s = -y, 5*s = 2*w + 3*w - 115. What is the tens digit of w?
2
What is the tens digit of 166/4*(-18)/(-9)?
8
Suppose -362 = 10*k - 12*k. What is the tens digit of k?
8
Let o = 84 + -47. Let g = o + -21. What is the tens digit of g?
1
Suppose -14*g + 16*g - 162 = 0. What is the tens digit of g?
8
Let m = -3 - -5. Suppose 2*v + m*v = 36. What is the units digit of v?
9
Suppose -3 = 3*j + v - 1, -5*v - 10 = -4*j. Let u be j/((-1)/(1/2)). Suppose u*h = 2*h - 10. What is the units digit of h?
5
Let g(u) = u**3 + 31*u**2 - 36*u - 35. What is the units digit of g(-32)?
3
What is the units digit of (-6)/15 - (2 + (-2504)/10)?
8
Suppose 3*w + 3*m = 921, -3*w - 4*m - 202 + 1127 = 0. What is the units digit of w?
3
Suppose -5*v = 4*k - 106, -2*v + 46 = k + 6. Suppose 18 = 3*x - 3*l, 0*l = 4*x + 2*l - v. What is the units digit of x?
5
What is the units digit of -4 + 2844/(-24)*8/(-6)?
4
Let f be (-156)/18*3/(-2). Suppose -31 = -2*a + f. What is the units digit of a?
2
Let g = -7 + 11. Let n(v) = -v**3 + 3*v**2 + 5*v - 1. What is the units digit of n(g)?
3
Suppose -k - k + 14 = -2*u, 2*k + 3*u = -11. What is the units digit of k?
2
Let p(s) = -2*s**2 - 7*s + 1. Let d(f) = 5*f**2 + 21*f - 4. Let c(v) = 3*d(v) + 8*p(v). What is the units digit of c(5)?
6
Let j be -2 - (2 - 12/3). What is the units digit of ((-21)/(-6) - j)*2?
7
Let c be (-3 - -2)/(3/(-6)). Suppose c*q - 29 = -4*j + 3, 5*q - 3*j - 145 = 0. What is the units digit of q?
6
Let s = -53 - -83. What is the tens digit of s?
3
Suppose -5*i + 5 + 15 = 0. Suppose 10 = -i*v + 74. Suppose 5 - v = -p. What is the units digit of p?
1
Let l(o) = 49*o**3 - 2*o**2 + 3*o - 5. What is the tens digit of l(2)?
8
Let b be (-13)/(-5) + 12/30. Suppose 0 = -b*g + 14 + 31. What is the units digit of g?
5
Let b(r) = r**3 + 8*r**2 - 13*r - 13. Let q = 23 + -32. What is the units digit of b(q)?
3
Let u = 329 + -32. What is the tens digit of u?
9
Suppose 3*n - 5*x - 13 = 0, x = 4*n + 6*x + 6. Let f(s) = -s**3 + 5*s**2 - 4*s. Let t be f(3). Suppose -o = -n - t. What is the units digit of o?
7
Suppose 2*o = -2*m + 54, 5*o + 2*m - 147 = -0*o. What is the units digit of o?
1
Let x(u) be the second derivative of -u**7/840 - u**6/72 + u**4/8 + u**3/3 + 2*u. Let n(g) be the second derivative of x(g). What is the units digit of n(-5)?
3
Let k(q) = q**3 - 3*q**2 - 2*q - 4. Let l be k(4). Let d be 1*-6*l/(-8). Suppose 3*x - 21 + 1 = -4*f, -5*x - d*f + 26 = 0. What is the units digit of x?
4
Let z be -1*4/2*-2. Suppose 0 = 3*a - z*a, 3*a - 12 = -3*l. Suppose -2*j + l = -0*j. What is the units digit of j?
2
Suppose 0 = -2*p - 2*p + 932. What is the units digit of p?
3
Let x be (-2 + 2)*(-1 - -2). Suppose x = 4*n - 20 - 64. What is the tens digit of n?
2
Let p be (87/3)/(-1*1). Let j = -3 - p. What is the tens digit of j?
2
Suppose 366 = 3*g + j, 0 = 5*g - 3*j - 486 - 124. What is the units digit of g?
2
Suppose -5*h + f + 73 = -f, -5*f + 35 = 2*h. Suppose 3*i = -2*i + h. Suppose 4*u + i*z = z + 38, 2*u + 4*z = 10. What is the tens digit of u?
1
What is the units digit of 2/6 - (-158)/3?
3
Suppose -2*q + 7*q + 120 = 2*g, -262 = -5*g + 3*q. What is the tens digit of g?
5
Let k(v) = 3*v**2 - 4*v**2 - 22 + 5 + 7 - 17*v. What is the tens digit of k(-14)?
3
What is the units digit of (1 + -2)/((-2)/158)?
9
Let f be 3/2*(-16)/(-12). What is the units digit of (-3)/((-15)/(-9) - f)?
9
Let h(n) = -n - 1. Let b(k) = 2*k + 2. Let p(g) = 4*b(g) + 5*h(g). Let o be p(-3). Let x = o + 10. What is the units digit of x?
4
Let g(c) = 9*c - 1. Let u(r) = -28*r + 4. Let m(a) = 7*g(a) + 2*u(a). What is the tens digit of m(2)?
1
Suppose 0 = -x - 4*x - 5. Let n be 2/3*(0 + 15). What is the units digit of 1/((-2)/n)*x?
5
Suppose 0 = 5*b - 113 + 13. What is the units digit of b?
0
Let k = 560 + -391. Suppose j + 157 = 3*l + 2*j, 3*l - k = -4*j. What is the units digit of l?
1
Suppose 5*f + 0*f + 25 = 0. Let i = -3 - f. What is the tens digit of 12/8*(10 - i)?
1
Let u(c) = -193*c + 1. What is the hundreds digit of u(-1)?
1
Suppose 4 + 0 = -2*u. Let v = u - -3. What is the units digit of (3 - 2)*(0 + v)?
1
Let q(v) be